-186)/(-4) is divided by (-1020)/(-1785)*91/2.
20
Let k be 1/((1/7)/((-1782)/(-63))). Suppose 2*s + k = 2*h, -9*s = -11*s - 10. What is the remainder when h is divided by 12?
10
Let k(w) = 2*w**2 + 8*w - 5. Let z = 312 - -20. Calculate the remainder when z is divided by k(-7).
36
What is the remainder when 1499 is divided by 847/55 - 8/20?
14
Let u(t) = 5*t - 11 - 9 - 1 - 3*t + 5. What is the remainder when u(13) is divided by 4?
2
Let b = 9333 + -8550. Calculate the remainder when b is divided by 78.
3
Let l(w) = w**2 - 43*w + 85. Let c be l(41). Suppose c*t - 12 = 0, -4*m + 3*t + 59 = -81. Calculate the remainder when m is divided by 17.
4
Let t be 658/3 - (-28)/42. Suppose i = 6*i - t. Suppose 4*g = 3*g - 5*m + 35, -5*m = -5*g + 55. What is the remainder when i is divided by g?
14
Suppose -4*w + 76 = 48. Suppose -1904 = -w*h - h. What is the remainder when h is divided by 16?
14
Let x = -4 - 101. Let u = x + 122. What is the remainder when 60 is divided by u?
9
Let t = 160 - 156. Suppose -7*k + 341 = t*k. Calculate the remainder when k is divided by 17.
14
Suppose -48*g + 14*g + 59192 = -6*g. What is the remainder when g is divided by 92?
90
Suppose 0 = 3*h - 0*h - 108. Let w be 1461/(-12) - (-12)/16. Let q = w - -125. Calculate the remainder when h is divided by q.
0
Let c be 1*115*(-4)/(-10). Suppose 4*j - 2*s = 74, j - 2*s - c = -7*s. What is the remainder when ((-8)/(-10) + 1)/((93 + -95)*(-6)/400) is divided by j?
18
Suppose -5*i = 54*n - 50*n - 8231, -8267 = -5*i + 2*n. What is the remainder when i is divided by 104?
91
Let p = -6804 + 7317. Calculate the remainder when p is divided by 86.
83
Suppose -25*b - 148 = -1923. Suppose -j - b = -96. What is the remainder when 109 is divided by j?
9
Suppose 5*c - w = 737, 4*c + 150*w - 153*w = 583. Calculate the remainder when c is divided by 73.
2
Let j(z) = -z**3 - 26*z**2 - 45*z - 196. Calculate the remainder when j(-25) is divided by 78.
70
Suppose -5*m - 4*q = -3*m - 128, 4*m = 2*q + 236. Suppose -49*s - 2750 = -m*s. Calculate the remainder when s is divided by 11.
8
Let h(t) = 4 + 0 + 2*t - t. What is the remainder when (-104)/6*(-81)/(-72)*-2 is divided by h(2)?
3
Let p(m) = 2*m**2 + 5*m - 90. Let z(r) = -r**3 - 9*r**2 - 10*r - 9. What is the remainder when p(10) is divided by z(-8)?
6
Suppose 26*s - 55 = 49. Suppose 0 = 2*u + 3*n - 84, 3*n = 4*u + s*n - 168. What is the remainder when 164 is divided by u?
38
Suppose -70*q + 9020 = -2760 - 540. Calculate the remainder when q is divided by 92.
84
Let w be (-4)/10 - (14469/65 + -13). Let f = -203 - w. Let y(x) = -x**2 - 8*x - 4. Calculate the remainder when y(-3) is divided by f.
4
Suppose 0 = 4*b + p - 5*p + 420, -p = -4*b - 432. Let x = 196 + b. Let w = 1 - -17. Calculate the remainder when x is divided by w.
15
Let b = -8165 - -8339. What is the remainder when 266 is divided by b?
92
Let v(g) = -4*g**3 + 57*g**2 - 9*g + 22. Calculate the remainder when 189 is divided by v(14).
5
Let s = 226 - 307. Let b = 0 - s. What is the remainder when b is divided by 2*(246/4)/3?
40
Let t = -109 - -124. Suppose -2 = -5*s + 8. Suppose -s*j - 7*k + 2*k = -73, -5*j + 2*k = -139. Calculate the remainder when j is divided by t.
14
Suppose -314 = -25*k + 1118 - 307. Calculate the remainder when 701 is divided by k.
26
Let z(i) be the first derivative of i**3/3 - 19*i**2/2 + 6*i - 127. What is the remainder when z(28) is divided by 11?
5
Let a(j) = -j**3 - 14*j**2 - 3*j - 27. Let n be a(-14). Suppose 2*r = n - 3. What is the remainder when 50 is divided by 1*(68/r)/((-8)/(-12))?
16
Let k(f) = -88*f + 172*f + 2*f**2 - 78*f - 6. What is the remainder when 49 is divided by k(-6)?
19
Calculate the remainder when 147 is divided by (18 - -17) + (-11)/1.
3
Let f be 25/(-4) - (-2)/8. Suppose 102 = 2*y + t, -14*y + 19*y - 5*t = 225. What is the remainder when y is divided by (4/6)/(f/(-45))?
4
Suppose 5*u - 4*q = 2*u + 53, 0 = 3*u - 2*q - 43. Calculate the remainder when 1314 is divided by u.
5
Suppose 3*x = 2*v - 794, -8*x + 1136 = 3*v - 7*x. Let b(m) = -m**3 - 2*m**2 + m - 6. Calculate the remainder when v is divided by b(-5).
62
Let b be (-32)/6 + 1/3. Let r(s) = 2*s - 9. Let x(p) = 10*p - 26. Let f(o) = 10*r(o) - 3*x(o). Calculate the remainder when f(b) is divided by 14.
10
Suppose 5 = 7*j - 9. Let z be -4 - 3/(-3)*9. Suppose -z*y + 76 + 9 = 0. What is the remainder when y is divided by j?
1
Let n = -29737 - -29774. What is the remainder when 5067 is divided by n?
35
Let n(a) = -2*a**3 - 91*a**2 + 49*a + 181. What is the remainder when 24078 is divided by n(-46)?
41
Calculate the remainder when 469 is divided by 5085/35 + (2/(-3))/((-42)/(-18)).
34
Suppose 0 = 12*l - 15*l + 189. Suppose 0 = -18*z + 9*z + l. What is the remainder when 117 is divided by z?
5
Let y = -253 + 272. What is the remainder when 41 is divided by y?
3
Let m(k) = -4*k - 1. Let n(c) = -15*c - 5. Let x(i) = -9*m(i) + 2*n(i). Suppose -1433 = -22*a + 19. What is the remainder when a is divided by x(3)?
15
Suppose 259*j + 1653 = 278*j. Suppose 0 = 4*f + 3 - 7, 2*f = 4*h - 22. Calculate the remainder when j is divided by h*4*35/28.
27
Suppose 26*b + 347244 = 349948. What is the remainder when 2892 is divided by b?
84
Suppose y - 167 = 3*p, 1669*p - 1667*p - 142 = -y. Calculate the remainder when y is divided by 79.
73
Suppose -8*z = -13 - 19. Let t be 22/33*138/z. Suppose -37 = -4*c + t. Calculate the remainder when c is divided by 6.
3
What is the remainder when 9 - -817 - 252/28 is divided by 67?
13
Suppose -68*l = -220*l + 101992. Calculate the remainder when l is divided by 25.
21
Let q(h) = -77*h + 1047. What is the remainder when q(0) is divided by 345?
12
Let k(v) = 0*v**2 + 2*v**2 - 10 + 4*v**2 - 17. Calculate the remainder when k(6) is divided by 52.
33
Suppose 0*m + 24 = m. Suppose -2*l + i + 528 = 0, 51*l - 3*i + 1016 = 55*l. What is the remainder when l is divided by m?
20
Let i = -3184 + 3217. Calculate the remainder when 279 is divided by i.
15
Suppose 509 = 37*b - 1570 - 1066. Suppose 178 = 5*i - 27. Calculate the remainder when b is divided by i.
3
Let m(d) = 20*d + 38. Let h be m(-7). Suppose -w + 17 = -0*c + 5*c, -4*c = -2*w + 6. What is the remainder when 3/(-6) + 1/(-4)*h is divided by w?
4
Let t(i) = 5*i - 3 - 22*i**2 - 3 + 6*i**3 + 18*i**2. What is the remainder when t(2) is divided by 8?
4
Suppose -19*b = -b - 54. Suppose -6 = -j + b*w + 2, -3*j + 54 = w. Calculate the remainder when 81 is divided by j.
13
Suppose -10 = -2*j, -d = -5*d - 4*j - 3276. What is the remainder when (2 + d/12)*12/(-10) is divided by 27?
26
Suppose 362355 = -79*h + 674*h. What is the remainder when 1841 is divided by h?
14
Calculate the remainder when (-207723)/102*(-4 - -2) is divided by 16.
9
Let r(t) = -6*t - 3. Let l(o) = -6*o - 3. Let f(q) = 6*l(q) - 5*r(q). Let m = -60 + 139. Calculate the remainder when m is divided by f(-2).
7
Suppose -5*o = 11*o - 300 - 52. What is the remainder when 589 is divided by o?
17
Suppose -b - 4*i = -14, -2*b + 168*i = 169*i - 28. Suppose -15 = 3*c, 2*c = -3*h - 80 - 110. Calculate the remainder when b is divided by (-30)/(-9)*h/(-25).
6
Let l(i) = 10*i - 126. Let g be l(5). Let s = 101 + g. Calculate the remainder when s is divided by 7.
4
Let j be (-2 - -13)*(-2 - -3). Let v(r) = r**3 - 10*r**2 + 20*r - 1. Calculate the remainder when v(j) is divided by 38.
36
What is the remainder when 248 is divided by (2232/48 - 28)*(-3)/((-3)/2)?
26
Suppose 5*m = g - 842, -g + 0*m - 2*m = -870. Let j be g/(-8) - (15/4)/(-5). Let v = 108 + j. What is the remainder when v is divided by 1?
0
Let n be (-24)/4 - (-11 - 149). Suppose -5*h - 5*q + n = -q, -5*q - 190 = -5*h. Calculate the remainder when 439 is divided by h.
31
Suppose -4*u + 106 + 314 = 0. Suppose -6*y - y = -u. Calculate the remainder when 71 is divided by y.
11
Let c(b) = -167 + 4*b + 3*b + 100. Calculate the remainder when 47 is divided by c(13).
23
Suppose 5*u + 11066 = 3*h, u - 17031 + 5971 = -3*h. What is the remainder when h is divided by 123?
120
Let o(j) = -71*j**2 - 938*j - 62. Calculate the remainder when o(-13) is divided by 43 + 2 + (-1 - -3).
39
Suppose 4*g + 97 = 6*t + 355, g - 4*t = 72. What is the remainder when 221 is divided by g?
41
Suppose -5*u - 52 = 47*u. What is the remainder when 1